6 = 0. Calculate p(w).
-7
Suppose 5*o + 2*b = -30, -7*b + 2*b - 5 = -5*o. Let n(h) = -1 - h + 3*h**2 - 5*h - 4*h**2. Calculate n(o).
7
Let q(v) be the third derivative of -1/3*v**3 + 1/60*v**5 + 1/24*v**4 + 0*v + 0 + 4*v**2. Give q(0).
-2
Let c(s) = -s - 1. Let b = -19 + 22. Let h be c(b). Let o(w) = w**3 + 5*w**2 + 4*w - 3. Give o(h).
-3
Suppose s = 4*s - 6. Let c(q) = -q - 10*q**2 + 7 + 16*q**2 - 7*q**s. Calculate c(0).
7
Let p(c) be the second derivative of 2*c**3/3 - 3*c**2/2 + 12*c - 3. What is p(2)?
5
Let v(o) = 2*o + 3*o**3 + 1 + 2*o**2 + 0*o**3 - 7*o**3. Let z(j) = j + 1. Let f(l) = -5*l + 1. Let y(a) = -f(a) - 4*z(a). Let w be y(4). Determine v(w).
5
Let p(r) = -r**3 - 3*r**2 - r - 2. Let u(c) = -6*c + c**2 - 5 - 2*c**2 + 2*c - 2*c. Let z be u(-6). Let d = z + 2. Calculate p(d).
1
Let r(n) = n**3 + 6*n**2 - 8*n - 2. Let w = -8 + 1. Give r(w).
5
Suppose -5*i + 3 = a - 9, 0 = 2*i - 5*a + 6. Let w(y) = -y**2 - y**2 + 2*y + 3 + y**i. What is w(4)?
-5
Let p(q) be the third derivative of -q**5/20 + q**2. Calculate p(1).
-3
Let k(h) = -2*h**2 - 2*h - 3. Suppose -2*t - 6 = -0. Determine k(t).
-15
Let f(a) = 6*a**2 + 6*a + 7. Let w(i) = -5*i**2 - 5*i - 6. Let m(b) = 6*f(b) + 7*w(b). Determine m(-3).
6
Let b(n) = -n**2 + 6*n - 3. Suppose -6*v + 4 = -8. Calculate b(v).
5
Let w(r) be the second derivative of -7*r**5/20 + r**3/6 - r. Let h be ((1 - 1) + 0)/(-2). Let f = h + -1. Determine w(f).
6
Suppose -17*j + 14*j = -12. Let o(h) = 2*h + 0 - 2 - h**2 + 5 + 0. Calculate o(j).
-5
Let d be (-8)/(-30)*(-9)/(-48). Let n(y) be the third derivative of -y**2 + 2/3*y**3 + 0*y - d*y**5 + 1/120*y**6 + 0 - 1/12*y**4. Give n(3).
-2
Suppose n + 0 = x - 5, 0 = x - 3*n - 5. Let h(u) = u**2 - 7*u + 6. What is h(x)?
-4
Let p(k) = -5*k**2 + 4*k. Let i(x) = 0*x**2 - 1 + x**2 + 0*x**2. Let l(o) = 6*i(o) + p(o). What is l(-5)?
-1
Suppose -4*j + 2*n = -26, -2*j + 27 = 2*j - 3*n. Suppose 2*i + j = -0*i. Let l(r) = r**2 + r - 4. Determine l(i).
2
Let x(c) = -2*c - 2. Suppose l = 1 + 3. Suppose r - l + 6 = 0. What is x(r)?
2
Let v(m) = -m**2 - m. Let q = 1 + -1. Let x be (-8)/(2 - q)*-6. Suppose -4*a - 5*b = -b + x, -5*a - 2*b = 18. What is v(a)?
-2
Let d = 2 + 1. Suppose 0 = 2*n + 4*u + u - 14, -d*u = n - 9. Let s(y) = -y**3 - 4*y**2 - 3. Determine s(n).
-12
Let f(x) = -9*x - 11. Let k(p) = -5*p - 6. Let s(l) = -3*f(l) + 5*k(l). What is s(3)?
9
Let w = -7 - -4. Let u(j) = 3 - 2*j - 2*j - 5 + 0. Determine u(w).
10
Let x(i) be the second derivative of -i**5/10 - i**4/12 + i**3/3 - i**2/2 - 7*i. Suppose 3*d - 7*d = -4. Calculate x(d).
-2
Let w(c) be the third derivative of c**4/24 - c**3/3 + 14*c**2. What is w(0)?
-2
Suppose -5*r - 5*j = -0*j - 85, r - 2*j - 32 = 0. Let h = -43 - -65. Let y(n) = h - r + n. Calculate y(1).
1
Let v(l) = 4*l - 18. Let a be v(4). Let g(o) = 3*o**3 - 11*o**2 + 23*o - 23. Let m(s) = s**3 - 4*s**2 + 8*s - 8. Let c(y) = -6*g(y) + 17*m(y). Give c(a).
6
Suppose 0 = -4*v - 9 + 13. Let y(o) = o**2. Give y(v).
1
Let u(p) be the third derivative of p**6/120 + p**5/20 - p**4/24 - p**3/3 - 30*p**2. Calculate u(2).
16
Let c be (3/4)/((-1)/12). Let v = c - -5. Let b(l) = 2*l. Give b(v).
-8
Let r(g) be the third derivative of g**5/15 + g**4/6 + 5*g**3/6 + 4*g**2. Let m(s) = 9*s**2 + 8*s + 11. Let y(v) = 3*m(v) - 7*r(v). What is y(-4)?
-2
Suppose -p - 4*l + 14 = -l, p + 4*l - 19 = 0. Let v be (p - 56)*(-5)/15. Suppose 2 = -2*x, 4*y + 2*x + v = 3*x. Let n(t) = -2*t - 7. Give n(y).
3
Let v(y) = -2*y + 7. Let a = 22 - 20. Suppose 2*r = -4*w - 8, -4*r - a*w = w - 9. Determine v(r).
-5
Let c(o) = o**2 - 4*o - 3. Let p(r) = -11*r - 93. Let l be p(-9). What is c(l)?
9
Let k(b) = 0*b - 30*b**2 - b + 31*b**2. What is k(-1)?
2
Let t(w) = -2*w - 2 - 3*w + 6*w. Suppose -b - 2*l - 2 + 0 = 0, 3*b + 13 = l. Give t(b).
-6
Let q be 30/7 + (-4)/14. Let m be (1 - q)/(2 - 1). Let k(c) = c**3 + c**2 - 3*c + 3. What is k(m)?
-6
Let g(v) be the first derivative of v**2 - v**3 + 1 + 0*v - 1/4*v**4. What is g(-3)?
-6
Suppose -5*l = 0, -2 - 6 = -2*h - 5*l. Let w(a) = 7*a**3 + a**2 - 2. Let o(n) = 15*n**3 + 3*n**2 - 5. Let q(x) = -6*o(x) + 13*w(x). Calculate q(h).
-12
Let o(l) be the third derivative of l**5/120 + 7*l**4/24 - 5*l**3/6 + 3*l**2. Let p(z) be the first derivative of o(z). Calculate p(-6).
1
Let g(x) = 0*x + 2 - 2*x**2 + 6*x**2 + 4*x. Let l be 3 + -4 + (-4)/4. Give g(l).
10
Let k(n) = 4 + 18*n - 3*n**2 + 0*n**2 + 5*n**2 - n**2. Let h be k(-18). Let c(z) be the second derivative of z**4/12 - 2*z**3/3 - z. Determine c(h).
0
Let x(o) = 2*o - 4. Let y be 5 - (-3)/((-9)/3). What is x(y)?
4
Let h(b) = b - 2. Let r(s) = s**2 + 2*s + 2. Let u be r(-3). What is h(u)?
3
Let g(x) = -x**2 + 1. Let c(j) = j**3 + j**2 - j + 4. Let i(h) = -c(h) + 3*g(h). Let w be 2/(-6) - 2/3. Let z be w/(-5) + 42/(-10). Give i(z).
-5
Let h(p) be the first derivative of -p**5/60 + p**4/12 + p**3/2 + 2*p**2 - 1. Let t(y) be the second derivative of h(y). What is t(5)?
-12
Let t(g) = -g**3 + 5*g**2 - 2*g + 1. Let h be t(2). Let d be 6/h + (-1)/(-3). Let s(r) = -d + 8*r**2 - 5*r**2 - r - r**2 + 5*r**2. Calculate s(-1).
7
Suppose -27 = -4*s + 5*f - 4*f, -9 = -4*s - 5*f. Let p(t) = t**2 - 5*t - 2. Calculate p(s).
4
Let h = 6 + -8. Let y(i) be the second derivative of -i**4/12 - i**3/3 - i**2/2 - i. What is y(h)?
-1
Let k(n) = -n**2 + n. Let g(z) = z - 2. Let d be g(3). Let r be (0 - (0 + d)) + 2. Determine k(r).
0
Suppose 0 = 4*p - 4. Let y(r) = r**2 - 1. Let a be y(p). Let j(t) be the third derivative of -t**6/120 - t**5/60 + t**3/6 + 2*t**2. Give j(a).
1
Let d(n) be the third derivative of n**5/60 - n**4/24 + 2*n**2. Let g be d(1). Let i(y) be the first derivative of y**3/3 + 5*y - 5. Give i(g).
5
Let f(z) = 6*z - 1. Let m(g) = g + 1. Let w(l) = f(l) - 5*m(l). Give w(8).
2
Let f(o) = 1 - o + 2*o - 2*o + 5. Calculate f(-6).
12
Let l(c) be the third derivative of c**5/60 - c**4/4 - 7*c**3/6 - 5*c**2. Determine l(7).
0
Suppose 9 = -11*x + 8*x. Let a(r) = -r**2 + r + 1. Calculate a(x).
-11
Let m(l) = -l**3 + 5*l**2 - 2*l + 4. Let y = -5 - -8. Suppose -2*p - f + 15 = y*p, -3*f = -4*p + 31. Suppose p*x - 5 = -5*h + 16, -x - 1 = 0. Determine m(h).
-6
Let s(u) = -3*u + 2. Let m(z) = -z**2 - 5*z + 16. Let k be m(-7). Determine s(k).
-4
Let s(x) = 3*x - 10. Let a be s(5). Let k be (-68)/(-10) - (-1)/a. Let p(u) = u**3 - 6*u**2 - 6*u - 7. Determine p(k).
0
Let h be (20/(-5) - -8) + -4. Let x(i) be the third derivative of 3*i**2 + 1/24*i**4 + h*i**3 - 1/12*i**5 + 0 + 0*i. What is x(-1)?
-6
Suppose 5*p = 2*p + 3. Let w(z) = -z - 1 + 4 - p + 1. Give w(7).
-4
Let l(u) = -u + 2. Let q = 3 + -5. Suppose r - 16 = -3*r + 4*s, -2*r + 14 = -5*s. Let j = r - q. Give l(j).
-2
Let x(d) = -d - 1. Let b(c) = -2*c - 7. Let o(l) = b(l) - 3*x(l). Let z be 3/3 - (1 + 0). Suppose z = -a + 6*a - 25. Determine o(a).
1
Let g(f) = -5 + 198*f**2 - 8*f + 6 - 199*f**2. Determine g(-7).
8
Let f(x) = 3*x**3 - 2*x**2 + 2*x + 4. Let r(i) = -i**3 + i**2 - 1. Let b(p) = -f(p) - 4*r(p). Calculate b(2).
-4
Let g(r) = 34*r + 32*r - 4 - 68*r. Suppose -20 = 3*m - 2*f, -20 = 4*m + f + 3. What is g(m)?
8
Let f be 5*-2*(-2)/(-10). Let b(j) = -10*j - 3. Let i(m) = -6*m - 1 + m + 0*m. Let w(p) = f*b(p) + 5*i(p). Give w(-1).
6
Let d = 16 + -9. Suppose 0 = -u - 2*s + 12, -30 = 2*u - d*u - 4*s. Let l(r) = r**2 - 1. Determine l(u).
3
Let l = 14 - 11. Suppose -4 = 3*f + 2*w, -l*f + 4*w = 2*w + 8. Let h(r) = -3*r**3 - 2*r**2 + r + 1. Give h(f).
15
Let v(w) = 3*w**2 - 5*w + 7. Let g(n) be the second derivative of -4/3*n**3 + 0 - n + 11/2*n**2 + 1/3*n**4. Let h(q) = -5*g(q) + 7*v(q). Give h(-5).
-6
Let y(i) be the third derivative of 1/2*i**3 + 0*i + 5/24*i**4 + 0 + 1/60*i**5 - i**2. Let r(h) = h**2 + 7*h - 3. Let x be r(-7). What is y(x)?
-3
Let v be (-1 - -2)/(1/2). Suppose -s = -2*u - 6*s + 33, 3*u - 22 = -v*s. Let y(n) = -n**2 + 4*n - 1. Give y(u).
-1
Let h(x) be the third derivative of 1/8*x**4 - 1/6*x**3 + 2*x**2 + 0 - 1/360*x**6 + 0*x + 0*x**5. Let z(m) be the first derivative of h(m). Give z(3).
-6
Let y(d) be the first derivative of 3*d**2/2 - 3*d + 2. Let k(q) = -q**3 + 5*q**2 + 2*q - 7. Let b be k(5). Give y(b).
6
Let p(g) = g**2 + 10*g - 15. Let i be p(-11). Let x(c) = c + 1. Let a(d) = -4*d - 1. Let h(v) = -a(v) - 5*x(v). What is h(i)?
0
Suppose 0 = 